/6 + 494*a**2. Determine y(-7).
35
Let s(m) = -2*m**2 + 1 - 5 - m**2 - 2*m - 4. Let f(j) = -7*j**2 - 5*j - 15. Let i(h) = 2*f(h) - 5*s(h). Give i(0).
10
Let d(l) = 9*l**3 + 1. Let c(x) = -x**3. Let i be (-4 + 1 + 2)/(-1). Let o(s) = s**2 - s + 1. Let g be o(i). Let w(q) = g*d(q) + 5*c(q). Determine w(-1).
-3
Let o(z) be the second derivative of -29*z + 1/20*z**5 - 5/12*z**4 + 9/2*z**2 - 7/6*z**3 + 0. Calculate o(6).
3
Let w(g) = 4*g + 28 - 3*g - 51 - 2*g + 6*g. Give w(6).
7
Suppose -3*b + 14 = 2. Let t be b/4 - 0/(-2). Let c(i) be the second derivative of 3*i**5/20 + i**3/3 - i**2/2 - 2*i. Give c(t).
4
Let b(x) = -4*x**2 + 4 - 19*x**3 + 5*x - 2*x**3 + 20*x**3. Give b(-5).
4
Suppose 20*c - 96 = -16. Let y(t) = 2*t - 6. Calculate y(c).
2
Let o(p) be the third derivative of 24*p**2 + 0 + 1/60*p**5 + 17/120*p**6 + 1/6*p**3 - 1/24*p**4 + 0*p. Give o(1).
18
Let h be (-10)/15 + 11/3. Suppose -h*r = -0*r - 18. Let j = 3 - r. Let i(u) = -u - 4. Give i(j).
-1
Suppose -5 - 5 = -b. Suppose 0*a = -5*a + b. Let t = 3 - a. Let w(j) = 14*j - 1. What is w(t)?
13
Let b(s) be the second derivative of -s**5/20 + 8*s - 19. Determine b(-2).
8
Suppose -22 = 3*b - 5*k, -19 = -3*k - 4. Let f = 0 - 2. Let u(o) = -8*o**2 + o + 2. Let v(g) = 16*g**2 - 2*g - 5. Let x(q) = f*v(q) - 5*u(q). Calculate x(b).
7
Let k(o) = o + 1. Suppose 0*w + 3*w = 4*b + 15, -4*b - 36 = 4*w. Let z(x) = -2*x + 5 + 6*x + 7*x. Let u(i) = b*k(i) + z(i). Determine u(-1).
-6
Let s be (-184)/18 - 4/(-18). Let v be s/(-2) + 1 + -1. Let d(c) be the first derivative of -c**3/3 + 2*c**2 - 7*c + 1157. Give d(v).
-12
Let p(j) = -7*j + 2. Let m(b) = -6*b + 4. Let d(n) = -5*m(n) + 5*p(n). Calculate d(5).
-35
Let s(m) = 20*m**2 - 6*m + 7. Let a(q) = 2*q**2 + q - 8. Let t(w) = 3*w**2 + w - 10. Let k(z) = -4*a(z) + 3*t(z). Let f(g) = 4*k(g) - s(g). Give f(-1).
-17
Let j(w) be the first derivative of w**3/3 - 2*w**2 + 5*w + 1. Let u be (27/15 - 1)*75/10. Calculate j(u).
17
Let d(h) = -1162*h + 388*h + 386*h + 6 + 387*h. Determine d(0).
6
Let v be -1 - 0 - (2 + -10). Let o(u) = 7*u**3 - 19*u**2 - 73*u + 12. Let z(y) = -8*y**3 + 21*y**2 + 85*y - 13. Let d(f) = 7*o(f) + 6*z(f). Determine d(v).
-1
Let g(l) = -1 + 18*l**3 - l**3 - 6*l**3 - l**2 - 7*l**3 - 5*l**3. Give g(-4).
47
Let k(i) = 16*i**2 + 4*i - 6. Let p be k(4). Let g = p - 130. Let x(f) = f**2 - 134 + 3*f**2 - f**3 + g. What is x(3)?
11
Let a(g) = g**2 - 12*g + 5. Let d(j) = -20*j - 89. Let l be d(-5). Give a(l).
-6
Let p(q) be the second derivative of -q**5/20 - q**4/2 + 2*q**3/3 - 12*q**2 + 2*q - 45. Determine p(-7).
-3
Let l(m) be the second derivative of -m**5/20 - m**4/12 + 2*m**2 + 6*m. Calculate l(0).
4
Let j(a) = a**3 + 6*a**2 - 7*a + 3. Suppose 1 + 11 = -6*y. Let t be 21*((-2)/12)/((-1)/y). Calculate j(t).
3
Let b(r) = r**3 - 5*r**2 - 5*r - 8. Let y be 4/(-10) + 64/10. Let t be b(y). Let w(k) = k**3 + 2*k + 2. Calculate w(t).
-10
Let f(p) = -p - 8. Let x be f(-17). Let m(h) = 0 + 0 - 2*h + x*h**2 - 4 + 5. What is m(1)?
8
Let a(k) be the third derivative of -k**6/120 - 11*k**5/60 - 11*k**4/24 + 4*k**3/3 + 146*k**2. What is a(-10)?
18
Suppose 0 = 3*q + 57 - 69. Let w(a) = -7*a + 2*a - a**2 + 2*a**2 + q + 0*a**2. Give w(3).
-2
Let y(d) = d**2 - 8*d + 15. Let l be y(5). Suppose -2*r + i = 7, l = -3*r + 3*i - 0*i - 12. Let u(z) = z**2 + 2*z. Determine u(r).
3
Let o(m) = -1 - 7 - 5 - m + 5. Determine o(-6).
-2
Suppose -2*a = 2*q - 34, -2*q - 2*a + a + 39 = 0. Suppose 2*z = 2*f + q, -z - 14 = 5*f - 1. Let j(h) = h**2 - 9*h + 7. Determine j(z).
-7
Let w be (-28)/16 - (-18)/16*6. Let p(a) = 5*a**2 + 11*a + 16. Let c(r) = -r**2 - 3*r - 4. Let f(y) = 9*c(y) + 2*p(y). Determine f(w).
-4
Let b(z) be the third derivative of -z**4/6 + z**3/2 + 2*z**2. Let x(j) = j + 1. Let p be x(4). Calculate b(p).
-17
Let j(s) = -s**2 + 6*s - 7. Let c = -42 + 50. Let d be (-4)/4 + c - 1. Give j(d).
-7
Let b be -3 + 72 - 3 - 1. Suppose -2*x + b = 17. Suppose 10*w - x = 14*w. Let z(t) = -t**3 - 7*t**2 - 6*t + 8. Determine z(w).
8
Let t be 27/(-2)*2/(-3). Let f(n) = n**3 - 8*n**2 - 8*n - 11. Calculate f(t).
-2
Suppose -25 = 5*l - 5*w, -l + 2*w - 27 = -23. Let n(r) = r**3 + 6*r**2 + 5*r + 2. Determine n(l).
-28
Suppose b - 13 = -5*o, -5*o + 9 + 14 = -4*b. Let k(y) = y**3 - y**2 - 3*y + 5. Calculate k(o).
14
Let i(c) = -4*c**3 + 8*c**2 - 22*c - 22. Let t(y) = y**3 - 4*y**2 + 2*y. Let k(v) = i(v) + 5*t(v). Calculate k(13).
-9
Let w(m) = 3*m - 2. Let t(a) = -2*a + 1. Let y(o) = -4*t(o) - 3*w(o). What is y(-3)?
5
Suppose 4*q + q - 5*j + 40 = 0, -3*q + 2*j - 22 = 0. Suppose -3*o + 8 + 1 = 0. Let r(c) = -o + 2 - 3 + 4*c + 7*c**2 + 0*c**3 + c**3. Determine r(q).
8
Let r(q) = 17*q**2 + 2*q + 2. Let m(b) = -13*b**2 - 2*b - 2. Let v(l) = -3*m(l) - 2*r(l). Determine v(-1).
5
Suppose 2*c + 8 = 4*q, 5*q + 3*c = 12 + 20. Let x(u) = -u**2 + 5*u - u + 2 - q. Suppose w + 2 - 5 = 0. Calculate x(w).
1
Let h(f) = -f**3 - 7*f**2 - 6*f + 14. Let d be h(-6). Let b(a) = d*a - 6*a - 3 - 9*a. Let l = -17 - -11. What is b(l)?
3
Let k(z) = -2*z**3 + 14*z**2 - 21*z + 8. Let g(b) = 3*b**3 - 21*b**2 + 32*b - 12. Let c(x) = 5*g(x) + 8*k(x). What is c(5)?
14
Let v(m) be the first derivative of -m + 7/2*m**2 + 42. Give v(-1).
-8
Let z = -154 - -150. Let r(l) be the second derivative of 1/3*l**3 + 0 + 2*l + 1/2*l**2. Determine r(z).
-7
Let b(k) = 13*k**3 + 7*k**2 + k - 2. Let r(u) = 12*u**3 + 5*u**2 + u - 1. Let n(l) = -3*b(l) + 4*r(l). Determine n(-1).
-9
Suppose -4 = j - 12. Let v be 18/j + (-21)/(-28). Let z(f) = -2*f + 3 + v*f**2 - 4 + 0 - 4*f**2. Determine z(-3).
-4
Let w(k) = -2*k - 6. Let m(x) = x**2 - 12*x - 9. Let f be m(13). Let r be (-19)/f - (-12)/16. Give w(r).
2
Let y(i) = i - i**2 + 0*i**2 - i**2. Suppose 17*p + 12*p + 32 = 61. Give y(p).
-1
Suppose 0 = -f - 3*f. Suppose 4*s - 3 + 23 = f. Let y(w) = w**3 + w**2. Let l(o) = -3*o**3 + o**2 + o - 7. Let b(t) = l(t) + 4*y(t). Determine b(s).
-12
Let n(y) be the first derivative of y**3/3 - 2*y**2 + 2*y + 4. Suppose 83*u = 89*u - 30. What is n(u)?
7
Let f(g) = 2*g + 6 + g**3 + 2 + 9 - 5 - 10*g**2. Give f(9).
-51
Let x = 715 - 711. Let b(g) = g**2 + 7*g - 7. Determine b(x).
37
Let m(w) = -2*w**2 - 2 - 461*w - 461*w + 925*w + 4*w**2. What is m(1)?
3
Suppose x = -5, -80 = -2*v + 5*x - x. Let c = v + -19. Suppose -14 = -2*z - 0*w - 4*w, 2*w = 5*z - c. Let a(d) = 2*d**2 - 2*d. What is a(z)?
12
Let j(c) = -5*c**2 - 5*c - 4. Suppose 3*w + 3*h - 7 = 14, -5*h + 19 = w. Let q(l) = -4*l**2 - 6*l - 5. Let i(y) = w*q(y) - 3*j(y). Determine i(-6).
10
Let d(v) = v**3 - 98 - v + 34 + 27 + 34 + 6*v**2. Suppose 2*c + 16 = 4. Determine d(c).
3
Let k(i) = -i**2 + 9*i. Let w be (12*16/12)/((-4)/(-2)). Suppose -1 - 55 = -w*a. Calculate k(a).
14
Let v(h) = -92*h**2 + h - 1 - 4*h + 91*h**2. Calculate v(-7).
-29
Suppose -4*a + 4 = -4. Let u(c) = -c**3 + 5*c**2 - 18*c + 28. Let d be u(2). Suppose -5*t - 19 = a*h - h, 8 = d*h - t. Let k(m) = m - 1. Give k(h).
0
Let a(y) = -2 + 3631*y**2 - 1818*y**2 - 1812*y**2. Give a(2).
2
Suppose -j = -4*j + 6, 4*i - 4 = 4*j. Let u(z) = 23*z - 2. Calculate u(i).
67
Let t = 6 + 3. Let a = t - 9. Suppose 0 = v - a*v + 4. Let o(f) = -f + 3. Determine o(v).
7
Let p(h) = -h**3 + 10*h**2 - 6*h - 12. Let f(q) = 3*q - 16. Let s be f(7). Let t(v) = -2*v**3 + 21*v**2 - 12*v - 25. Let a(y) = s*p(y) - 2*t(y). What is a(7)?
-3
Suppose 68*m - 760 = -8*m. Let n(f) = -f**3 + 12*f**2 - 18*f - 20. Calculate n(m).
0
Let m(k) = 7*k + 1. Let j(g) = 10*g. Let w(u) = 2*j(u) - 3*m(u). Give w(-2).
-1
Let x(j) = -j - 18. Let r(q) = q + 35. Let n(p) = -3*r(p) - 5*x(p). Let a be n(11). Let b(g) = -14 + g - 6 + a. Calculate b(0).
-13
Let o(n) = -n**3 - 5*n**2 - 5*n - 3. Let z be o(-4). Let l(a) = 4*a + 1. Let m(w) = -4*w - 1. Let v(s) = -4*l(s) - 3*m(s). Determine v(z).
-5
Suppose 18*s - 13 = t + 21*s, s + 16 = -2*t. Let b(f) = f**2 + 2*f + 8. Give b(t).
43
Let u(s) = -6*s**2 - 2*s + 1. Let p(h) = -15*h**2 - 17*h - 1. Let v(x) = -p(x) + 3*u(x). Determine v(4).
0
Let f(h) = -4*h + 10. Let w be f(2). Suppose 2*s + 3 = w*p + 1, s - 4*p - 11 = 0. Let k(a) = a + 7. Calculate k(s).
2
Let b(f) be the first derivative of 1/3*f**3 - 50 + f - f**2. Calculate b(4).
9
Let a(i) = -i**3 + 3*i**2 + 6*i - 4. Let r be (-28)/3 - 2/3. Let q = -8 - r. Suppose -3 = -2*f + w, -3*f - w = q*w 